 13, what is 30c - b8?
224
In base 3, what is 1012 - -112110?
120122
In base 2, what is 10 + 110111010011101?
110111010011111
In base 9, what is -16 + -237?
-254
In base 4, what is 221012133 + -2?
221012131
In base 12, what is 68 - -7633?
769b
In base 4, what is -330 + 303000?
302010
In base 9, what is -878504 + -2?
-878506
In base 3, what is 222 + -11012002?
-11011010
In base 3, what is 20102012 + 101?
20102120
In base 7, what is 454004 - 5?
453666
In base 4, what is 1331030 - 2?
1331022
In base 6, what is 154441 - -5?
154450
In base 6, what is 4 + -133044?
-133040
In base 7, what is -4 + 40143?
40136
In base 10, what is 6 + 22527?
22533
In base 12, what is -14 - -1a51?
1a39
In base 14, what is 157 - 20a2?
-1d49
In base 13, what is 19 + -1b4?
-198
In base 15, what is -3000 - 10?
-3010
In base 3, what is -2020100 - 1012020?
-10102120
In base 16, what is -2 + 1876?
1874
In base 15, what is 2 + 2208a?
2208c
In base 8, what is 1432631 - 5?
1432624
In base 3, what is 101011212202 + 11?
101011212220
In base 15, what is -8d52 + -1?
-8d53
In base 2, what is -1010110 - 111001001?
-1000011111
In base 10, what is 5 - 44979?
-44974
In base 13, what is -390 - -8?
-385
In base 7, what is 1224031 - -10?
1224041
In base 14, what is -19 + -52c?
-547
In base 11, what is -2585387 - -5?
-2585382
In base 4, what is -101222 - -2132?
-33030
In base 15, what is -3d863 - -18?
-3d84a
In base 12, what is -18 - 117a?
-1196
In base 5, what is -10312 - 3340?
-14202
In base 10, what is -23 - 8086?
-8109
In base 8, what is -57 + 36422?
36343
In base 15, what is -118d - -4?
-1189
In base 13, what is -9627 - 97?
-96c1
In base 13, what is 264 + -58c?
-328
In base 7, what is 2045 - -144?
2222
In base 4, what is -101 + 331233?
331132
In base 15, what is 2a0 + -184?
11b
In base 8, what is -21 - -1224?
1203
In base 5, what is -42330 + -4?
-42334
In base 6, what is 11 - 150504?
-150453
In base 11, what is 479a - 20?
477a
In base 2, what is 10000011 + 1001011110010?
1001101110101
In base 5, what is 341 - -22?
413
In base 16, what is 2a71 + 1?
2a72
In base 7, what is -134 - 101623?
-102060
In base 6, what is 303 - -15522?
20225
In base 15, what is 4db + -20?
4bb
In base 11, what is -71 + 5586?
5515
In base 13, what is -1 - 1011b?
-1011c
In base 3, what is 10221 - -2100?
20021
In base 5, what is -442 - -240313?
234321
In base 4, what is -3113130 - 2?
-3113132
In base 16, what is -4 - -17a7?
17a3
In base 5, what is -41441202 + 10?
-41441142
In base 14, what is -607 + -579?
-b82
In base 15, what is a79 - 2c2?
7a7
In base 15, what is -7a0 + -107?
-8a7
In base 10, what is 7449 - 316?
7133
In base 10, what is -67785 + 18?
-67767
In base 4, what is -3312000301 - -2?
-3312000233
In base 13, what is 1b7 + -899?
-6b2
In base 4, what is 2102101311 - 2?
2102101303
In base 10, what is 2138 + -6?
2132
In base 6, what is -33220 + -522?
-34142
In base 7, what is 4 + -10524?
-10520
In base 9, what is -5 + -34353?
-34358
In base 8, what is -55136 - -4?
-55132
In base 6, what is -11 - -351?
340
In base 15, what is -27212 - -4?
-2720d
In base 13, what is -21789 - -3?
-21786
In base 13, what is -5851 + c?
-5842
In base 11, what is -2 - -10a2043?
10a2041
In base 13, what is 0 - 88ba3?
-88ba3
In base 14, what is -1c + 9b7?
999
In base 3, what is -12 - 1010020022012?
-1010020022101
In base 9, what is -1571320 - -2?
-1571317
In base 2, what is -1100000 - -111111100?
110011100
In base 3, what is -11 + -20101022112?
-20101022200
In base 6, what is 3023233 - 12?
3023221
In base 6, what is 2 + -154044?
-154042
In base 15, what is -5a32 + -7?
-5a39
In base 13, what is 81b8b + 4?
81b92
In base 2, what is 100000101011011000001 - 10?
100000101011010111111
In base 8, what is -3 + -1073202?
-1073205
In base 10, what is 447 - 195?
252
In base 16, what is -197cc + -4?
-197d0
In base 6, what is -1031454 - -2?
-1031452
In base 8, what is -5713 - 2767?
-10702
In base 7, what is -4 + -21116?
-21123
In base 13, what is 2 + -611c?
-611a
In base 2, what is -11101010110101 + 11000?
-11101010011101
In base 2, what is 10001111100 - 10100011?
1111011001
In base 15, what is -37ed - 0?
-37ed
In base 11, what is a - a3847?
-a3838
In base 15, what is 4 - 34?
-30
In base 7, what is 16 - -14432?
14451
In base 7, what is -1361 + -110?
-1501
In base 15, what is bed + a?
c08
In base 5, what is -2014004 + -3?
-2014012
In base 11, what is -160 + 5446?
5296
In base 15, what is -378c + 2?
-378a
In base 12, what is -31 + -1407?
-1438
In base 2, what is 1001100 + -111000111010?
-110111101110
In base 3, what is 102 - 12012211020?
-12012210211
In base 8, what is -7771 + 1?
-7770
In base 2, what is -111 - 10010001101001?
-10010001110000
In base 5, what is -23413 + 132?
-23231
In base 13, what is 294575 - 2?
294573
In base 16, what is -4 + 181?
17d
In base 8, what is -1765 - -253?
-1512
In base 13, what is -135 + -350b?
-3643
In base 4, what is -11013033 - 20?
-11013113
In base 15, what is -1 - -9ae2?
9ae1
In base 11, what is 60 - -20a6?
2156
In base 12, what is 1 - 1964b?
-1964a
In base 9, what is 1 - 22023?
-22022
In base 5, what is 1 + 40331?
40332
In base 15, what is -50 + 635a?
630a
In base 12, what is -6373 + 6?
-6369
In base 15, what is -1a83c6 - -4?
-1a83c2
In base 12, what is -3a - -321?
2a3
In base 8, what is 260245 + 2?
260247
In base 8, what is 33 - 15770?
-15735
In base 11, what is 11564 + -2?
11562
In base 8, what is -2502 - 0?
-2502
In base 3, what is 210210 + -1020001?
-102021
In base 3, what is -221 + -110220121?
-110221112
In base 4, what is 2031200 + 203?
2032003
In base 13, what is -2033 + 2a?
-2006
In base 3, what is 1 - 2021220021?
-2021220020
In base 7, what is 5353 + 4?
5360
In base 10, what is 418 - -2329?
2747
In base 10, what is -853 - 8?
-861
In base 7, what is 121346 + 2?
121351
In base 12, what is -16 - 21a0?
-21b6
In base 7, what is -33 + -35540?
-35603
In base 5, what is 440 - 231100?
-230110
In base 7, what is -13466 - -4?
-13462
In base 6, what is -42122 - 0?
-42122
In base 8, what is -444 - 11202?
-11646
In base 9, what is 1 - 12630?
-12628
In base 2, what is -11101100011010000001 + 11?
-11101100011001111110
In base 15, what is -199d3 + 4?
-199ce
In base 7, what is 34 - -116625?
116662
In base 12, what is -886 + -60?
-926
In base 6, what is -2354 + -1422?
-4220
In base 4, what is 1200031023 - -12?
1200031101
In base 14, what is 5 - -32646?
3264b
In base 6, what is -222453 - 3?
-222500
In base 3, what is 1101000 - 10111001?
-2010001
In base 12, what is 0 - -21a?
21a
In base 16, what is -17 + -115?
-12c
In base 2, what is -1101000101110 + -10111001010?
-1111111111000
In base 14, what is -2 - 1808?
-180a
In base 6, what is -1004 - 335?
-1343
In base 15, what is -4 + -7a873?
-7a877
In base 15, what is 12a - -35?
160
In base 6, what is 5 - 204251?
-204242
In base 7, what is -6 + 1316564?
1316555
In base 5, what is 1413203 + -23?
1413130
In base 5, what is 11130134 + 1?
11130140
In base 4, what is -133 - -203?
10
In base 13, what is 8 + -511c?
-5114
In base 10, what is -3 + -53721?
-53724
In base 7, what is -106 + -166340?
-166446
In base 5, what is -11010131 - 3?
-11010134
In base 13, what is -4a485 - 3?
-4a488
In base 7, what is -13 + 156623?
156610
In base 2, what is 100 + -1001011011111010011?
-1001011011111001111
In base 10, what is 124 - 5?
119
In base 12, what is -347577 + -3?
-34757a
In base 12, what is -b2 - -7a?
-34
In base 7, what is 54 - 6662?
-6605
In base 14, what is 0 + -6445b?
-6445b
In base 12, what is -70a - 121?
-82b
In base 6, what is -21 + 2125014?
2124553
In base 3, what is 11220001100 + -111?
11220000212
In base 3, what is 10012200212 + 20?
10012201002
In base 7, what is 5321 - -2216?
10540
In base 10, what is 204 - -2398?
2602
In base 5, what is -2031103 + 1?
-2031102
In base 8, what is 0 + 17656?
17656
In base 3, what is -10 - 1100222012?
-1100222022
In base 14, what is 73647 + 2?
73649
In base 9, what is 3 + 17023?
17026
In base 8, what is 25762 - 100?
25662
In base 5, what is -120000 - -3?
-114442
In base 10, what is -1 + -179851?
-179852
In base 16, what is 5 + 9d0d?
9d12
In base 2, what is 10010010010111 + -10010?
10010010000101
In base 15, what is -b - 3103?
-310e
In base 11, what is 4 + -1a3022?
-1a3019
In base 15, what is 2c32 + 20?
2c52
In base 16, what is -30 - -eb?
bb
In base 6, wh